{"id":620,"date":"2020-10-17T15:08:33","date_gmt":"2020-10-17T12:08:33","guid":{"rendered":"https:\/\/startertemplatecloud.com\/e01\/?page_id=620"},"modified":"2025-10-12T17:22:26","modified_gmt":"2025-10-12T15:22:26","slug":"kalendar25","status":"publish","type":"page","link":"https:\/\/karateklubkadan.cz\/wp2\/kalendar25\/","title":{"rendered":"Kalend\u00e1\u0159 2025"},"content":{"rendered":"\t\t<div data-elementor-type=\"wp-page\" data-elementor-id=\"620\" class=\"elementor elementor-620\">\n\t\t\t\t\t\t<section class=\"elementor-section elementor-top-section elementor-element elementor-element-8828dd8 elementor-section-height-min-height elementor-section-items-bottom elementor-section-boxed elementor-section-height-default\" data-id=\"8828dd8\" data-element_type=\"section\" data-e-type=\"section\" data-settings=\"{&quot;background_background&quot;:&quot;classic&quot;}\">\n\t\t\t\t\t\t\t<div class=\"elementor-background-overlay\"><\/div>\n\t\t\t\t\t\t\t<div class=\"elementor-container elementor-column-gap-default\">\n\t\t\t\t\t<div class=\"elementor-column elementor-col-100 elementor-top-column elementor-element elementor-element-6d43801\" data-id=\"6d43801\" data-element_type=\"column\" data-e-type=\"column\">\n\t\t\t<div class=\"elementor-widget-wrap elementor-element-populated\">\n\t\t\t\t\t\t<div class=\"elementor-element elementor-element-31c8d6d elementor-widget elementor-widget-heading\" data-id=\"31c8d6d\" data-element_type=\"widget\" data-e-type=\"widget\" data-widget_type=\"heading.default\">\n\t\t\t\t<div class=\"elementor-widget-container\">\n\t\t\t\t\t<h1 class=\"elementor-heading-title elementor-size-default\">Kalend\u00e1\u0159 akc\u00ed 2025<\/h1>\t\t\t\t<\/div>\n\t\t\t\t<\/div>\n\t\t\t\t<div class=\"elementor-element elementor-element-9a9b4e4 elementor-hidden-phone elementor-widget elementor-widget-spacer\" data-id=\"9a9b4e4\" data-element_type=\"widget\" data-e-type=\"widget\" data-widget_type=\"spacer.default\">\n\t\t\t\t<div class=\"elementor-widget-container\">\n\t\t\t\t\t\t\t<div class=\"elementor-spacer\">\n\t\t\t<div class=\"elementor-spacer-inner\"><\/div>\n\t\t<\/div>\n\t\t\t\t\t\t<\/div>\n\t\t\t\t<\/div>\n\t\t\t\t\t<\/div>\n\t\t<\/div>\n\t\t\t\t\t<\/div>\n\t\t<\/section>\n\t\t<div class=\"elementor-element elementor-element-0059508 e-con-full e-flex e-con e-parent\" data-id=\"0059508\" data-element_type=\"container\" data-e-type=\"container\">\n\t\t\t\t<div class=\"elementor-element elementor-element-a3f1059 elementor-widget elementor-widget-text-editor\" data-id=\"a3f1059\" data-element_type=\"widget\" data-e-type=\"widget\" data-widget_type=\"text-editor.default\">\n\t\t\t\t<div class=\"elementor-widget-container\">\n\t\t\t\t\t\t\t\t\t&nbsp;\n<table rules=\"rows\">\n<tbody>\n<tr>\n<td><\/td>\n<td><\/td>\n<td><\/td>\n<td><\/td>\n<td><\/td>\n<\/tr>\n<tr>\n<td><strong>term\u00edn<\/strong><\/td>\n<td><strong>n\u00e1zev akce<\/strong><\/td>\n<td><strong>m\u00edsto<\/strong><\/td>\n<td><strong>po\u0159adatel<\/strong><\/td>\n<td><strong>kdo<\/strong><\/td>\n<\/tr>\n<tr>\n<td>10. &#8211; 12. 1.<\/td>\n<td>\u0160kolen\u00ed &#8211; rozhod\u010d\u00ed, zk.komisa\u0159i, instrukto\u0159i, tren\u00e9\u0159i<\/td>\n<td>Brno<\/td>\n<td>Prezidium<\/td>\n<td>tren\u00e9\u0159i a rozhod\u010d\u00ed<\/td>\n<\/tr>\n<tr>\n<td>18.1.<\/td>\n<td>\u0160kolen\u00ed rozhod\u010d\u00edch + soust\u0159ed\u011bn\u00ed talent. ml\u00e1de\u017ee (v\u00fdb\u011br TM)<\/td>\n<td>Praha<\/td>\n<td>TM<\/td>\n<td>talentovan\u00e1 ml\u00e1de\u017e \u010cR<\/td>\n<\/tr>\n<tr>\n<td>24.-25.1.<\/td>\n<td>Soust\u0159ed\u011bn\u00ed reprezentace JKA<\/td>\n<td>Spo\u0159ice<\/td>\n<td>RR<\/td>\n<td>repre z klubu<\/td>\n<\/tr>\n<tr>\n<td><\/td>\n<td><\/td>\n<td><\/td>\n<td><\/td>\n<td><\/td>\n<\/tr>\n<tr>\n<td>7.-9.2.<\/td>\n<td>Czech JKA winter course<\/td>\n<td>Praha<\/td>\n<td><\/td>\n<td>z\u00e1jemci<\/td>\n<\/tr>\n<tr>\n<td>8.2.<\/td>\n<td>Mezin\u00e1rodn\u00ed turnaj karate Gichin Cup<\/td>\n<td>Praha<\/td>\n<td><\/td>\n<td>vybran\u00ed z JKA \u010cR<\/td>\n<\/tr>\n<tr>\n<td>???<\/td>\n<td>Kontroln\u00ed turnaj karate JKA Cup<\/td>\n<td>SRN, M\u00fcnich<\/td>\n<td>RR<\/td>\n<td>reprezentace \u010cR<\/td>\n<\/tr>\n<tr>\n<td><\/td>\n<td><\/td>\n<td><\/td>\n<td><\/td>\n<td><\/td>\n<\/tr>\n<tr>\n<td>15. 3.<\/td>\n<td>1. n\u00e1rodn\u00ed poh\u00e1r \u017e\u00e1ci, ml. dorostenci a junio\u0159i<\/td>\n<td>Praha \u0160t\u011brboholy<\/td>\n<td>Sport \u00davaly<\/td>\n<td>z\u00e1vodn\u00edci<\/td>\n<\/tr>\n<tr>\n<td>16. 3.<\/td>\n<td>1. n\u00e1rodn\u00ed poh\u00e1r karate st. dorost a senio\u0159i<\/td>\n<td>Praha \u0160t\u011brboholy<\/td>\n<td>Sport \u00davaly<\/td>\n<td>z\u00e1vodn\u00edci<\/td>\n<\/tr>\n<tr>\n<td>16. 3.<\/td>\n<td>\u010cesk\u00e1 n\u00e1rodn\u00ed liga karate \u017e\u00e1ci, dorost a senio\u0159i I. Kolo<\/td>\n<td>Praha \u0160t\u011brboholy<\/td>\n<td>Sport \u00davaly<\/td>\n<td>z\u00e1vodn\u00edci<\/td>\n<\/tr>\n<tr>\n<td>21. &#8211; 23.3.<\/td>\n<td>Soust\u0159ed\u011bn\u00ed reprezentace JKA<\/td>\n<td>Spo\u0159ice<\/td>\n<td>RR<\/td>\n<td>reprezentace \u010cR<\/td>\n<\/tr>\n<tr>\n<td>22.3.<\/td>\n<td>Soust\u0159ed\u011bn\u00ed talent. ml\u00e1de\u017ee (celorep.v\u00fdb\u011br TM)<\/td>\n<td>Praha<\/td>\n<td>RR \u00fasek TM<\/td>\n<td>talentovan\u00e1 ml\u00e1de\u017e \u010cR<\/td>\n<\/tr>\n<tr>\n<td><\/td>\n<td><\/td>\n<td><\/td>\n<td><\/td>\n<td><\/td>\n<\/tr>\n<tr>\n<td>duben???<\/td>\n<td>Kodomo JKA Cup<\/td>\n<td>Srbsko<\/td>\n<td><\/td>\n<td>reprezentace \u010cR<\/td>\n<\/tr>\n<tr>\n<td>16. &#8211; 20 4.<\/td>\n<td>Soust\u0159ed\u011bn\u00ed Karate klubu Kada\u0148 a Kl\u00e1\u0161terec<\/td>\n<td>Per\u0161tejn<\/td>\n<td>KK Kada\u0148 a Kno<\/td>\n<td>z\u00e1jemci<\/td>\n<\/tr>\n<tr>\n<td>25.- 27.4.<\/td>\n<td>Semin\u00e1\u0159 Shimizu sensei a soust\u0159ed\u011bn\u00ed reprezentace<\/td>\n<td><\/td>\n<td><\/td>\n<td>reprezentace \u010cR<\/td>\n<\/tr>\n<tr>\n<td><\/td>\n<td><\/td>\n<td><\/td>\n<td><\/td>\n<td><\/td>\n<\/tr>\n<tr>\n<td>2. &#8211; 4. 5.<\/td>\n<td>Kata Keikokai<\/td>\n<td>\u010cesk\u00fd Krumlov<\/td>\n<td>J\u010cSK JKA<\/td>\n<td>z\u00e1jemci<\/td>\n<\/tr>\n<tr>\n<td>10. 5.<\/td>\n<td>ME JKA<\/td>\n<td>Praha<\/td>\n<td>Prezidium<\/td>\n<td>reprezentace \u010cR<\/td>\n<\/tr>\n<tr>\n<td><span style=\"color: #ff0000;\"><del>17.5.<\/del><\/span><\/td>\n<td><span style=\"color: #ff0000;\"><del>Krajsk\u00fd p\u0159ebor karate JKA<\/del><\/span><\/td>\n<td><span style=\"color: #ff0000;\"><del>Kada\u0148<\/del><\/span><\/td>\n<td><span style=\"color: #ff0000;\"><del>KK Kada\u0148 a Kno<\/del><\/span><\/td>\n<td><span style=\"color: #ff0000;\"><del>z\u00e1vodn\u00edci + pomocn\u00edci<\/del><\/span><\/td>\n<\/tr>\n<tr>\n<td>???<\/td>\n<td>Kontroln\u00ed turnaj reprezentace Fujimura Cup<\/td>\n<td>SWI<\/td>\n<td>RR<\/td>\n<td>reprezentace \u010cR<\/td>\n<\/tr>\n<tr>\n<td>31.5.-1.6.<\/td>\n<td>Velk\u00e1 cena Kadan\u011b<\/td>\n<td>Kada\u0148<\/td>\n<td>KK Kada\u0148 a Kno<\/td>\n<td>z\u00e1vodn\u00edci + pomocn\u00edci<\/td>\n<\/tr>\n<tr>\n<td><\/td>\n<td><\/td>\n<td><\/td>\n<td><\/td>\n<td><\/td>\n<\/tr>\n<tr>\n<td>11.-16.7.<\/td>\n<td>Gasshuku CZ<\/td>\n<td>Prachatice<\/td>\n<td>Gasshuku CZ<\/td>\n<td>z\u00e1jemci<\/td>\n<\/tr>\n<tr>\n<td>11.-16.7.<\/td>\n<td>\u0160kolen\u00ed rozhod\u010d\u00edch<\/td>\n<td>Prachatice<\/td>\n<td>KR<\/td>\n<td>z\u00e1jemci<\/td>\n<\/tr>\n<tr>\n<td>16.7.<\/td>\n<td>Zkou\u0161ky na STV Dan a mezin\u00e1rodn\u00ed licence rozhod\u010d\u00ed a instruktory<\/td>\n<td>Prachatice<\/td>\n<td>KR<\/td>\n<td>vyvolen\u00ed<\/td>\n<\/tr>\n<tr>\n<td><\/td>\n<td><\/td>\n<td><\/td>\n<td><\/td>\n<td><\/td>\n<\/tr>\n<tr>\n<td>16.-23.8.<\/td>\n<td>Soust\u0159ed\u011bn\u00ed Karate klubu Kada\u0148 a Kl\u00e1\u0161terec<\/td>\n<td>M\u011bd\u011bnec<\/td>\n<td>KK Kada\u0148 a Kno<\/td>\n<td>z\u00e1jemci<\/td>\n<\/tr>\n<tr>\n<td><\/td>\n<td><\/td>\n<td><\/td>\n<td><\/td>\n<td><\/td>\n<\/tr>\n<tr>\n<td>5.- 7.9.<\/td>\n<td>Soust\u0159ed\u011bn\u00ed reprezentace JKA<\/td>\n<td>Spo\u0159ice<\/td>\n<td><\/td>\n<td>reprezentace \u010cR<\/td>\n<\/tr>\n<tr>\n<td>6.9.<\/td>\n<td>Soust\u0159ed\u011bn\u00ed talent. ml\u00e1de\u017ee (celorep.v\u00fdb\u011br TM)<\/td>\n<td>Praha<\/td>\n<td>RR \u00fasek TM<\/td>\n<td>talentovan\u00e1 ml\u00e1de\u017e \u010cR<\/td>\n<\/tr>\n<tr>\n<td>12. &#8211; 14. 9.<\/td>\n<td>\u0160kolen\u00ed tren\u00e9r\u016f III. t\u0159\u00eddy<\/td>\n<td>D\u011b\u010d\u00edn<\/td>\n<td>TMK<\/td>\n<td>tren\u00e9\u0159i a rozhod\u010d\u00ed<\/td>\n<\/tr>\n<tr>\n<td>19.-21.9.<\/td>\n<td>MS WSKA<\/td>\n<td>\u0160pan\u011blsko, C\u00e1diz<\/td>\n<td><\/td>\n<td>reprezentace \u010cR<\/td>\n<\/tr>\n<tr>\n<td><span style=\"color: #ff0000;\">27.9.<\/span><\/td>\n<td><span style=\"color: #ff0000;\">Krajsk\u00fd p\u0159ebor karate JKA<\/span><\/td>\n<td><span style=\"color: #ff0000;\">Kada\u0148<\/span><\/td>\n<td><span style=\"color: #ff0000;\">KK Kada\u0148 a Kno<\/span><\/td>\n<td><span style=\"color: #ff0000;\">z\u00e1vodn\u00edci a pomocn\u00edci<\/span><\/td>\n<\/tr>\n<tr>\n<td><\/td>\n<td><\/td>\n<td><\/td>\n<td><\/td>\n<td><\/td>\n<\/tr>\n<tr>\n<td>4. 10.<\/td>\n<td>2. n\u00e1rodn\u00ed poh\u00e1r \u017e\u00e1ci, ml. dorostenci a junio\u0159i<\/td>\n<td>Kada\u0148<\/td>\n<td>KK Kada\u0148 a Kno<\/td>\n<td>z\u00e1vodn\u00edci + pomocn\u00edci<\/td>\n<\/tr>\n<tr>\n<td>5. 10.<\/td>\n<td>2. n\u00e1rodn\u00ed poh\u00e1r karate st. dorost a senio\u0159i<\/td>\n<td>Kada\u0148<\/td>\n<td>KK Kada\u0148 a Kno<\/td>\n<td>z\u00e1vodn\u00edci + pomocn\u00edci<\/td>\n<\/tr>\n<tr>\n<td>5. 10.<\/td>\n<td>\u010cesk\u00e1 n\u00e1rodn\u00ed liga karate \u017e\u00e1ci, dorost a senio\u0159i II. Kolo<\/td>\n<td>Kada\u0148<\/td>\n<td>KK Kada\u0148 a Kno<\/td>\n<td>z\u00e1vodn\u00edci + pomocn\u00edci<\/td>\n<\/tr>\n<tr>\n<td>24.-29.10.<\/td>\n<td>Soust\u0159ed\u011bn\u00ed Karate klubu Kada\u0148 a Kl\u00e1\u0161terec<\/td>\n<td>Per\u0161tejn<\/td>\n<td>KK Kada\u0148 a Kno<\/td>\n<td>z\u00e1jemci<\/td>\n<\/tr>\n<tr>\n<td><\/td>\n<td><\/td>\n<td><\/td>\n<td><\/td>\n<td><\/td>\n<\/tr>\n<tr>\n<td>8. 11.<\/td>\n<td>M\u010cR \u017e\u00e1ci, ml. dorostenci a junio\u0159i<\/td>\n<td>Praha<\/td>\n<td>SKBU Hostiva\u0159<\/td>\n<td>z\u00e1vodn\u00edci<\/td>\n<\/tr>\n<tr>\n<td>9. 11.<\/td>\n<td>M\u010cR karate st. dorost a senio\u0159i<\/td>\n<td>Praha<\/td>\n<td>SKBU Hostiva\u0159<\/td>\n<td>z\u00e1vodn\u00edci<\/td>\n<\/tr>\n<tr>\n<td>9. 11.<\/td>\n<td>\u010cesk\u00e1 n\u00e1rodn\u00ed liga karate JKA \u017e\u00e1ci, dorost a senio\u0159i III. Kolo<\/td>\n<td>Praha<\/td>\n<td>SKBU Hostiva\u0159<\/td>\n<td>z\u00e1vodn\u00edci<\/td>\n<\/tr>\n<tr>\n<td>???<\/td>\n<td>Kontroln\u00ed turnaj reprezentace JKA Cup<\/td>\n<td>SRN, Bottrop<\/td>\n<td>RR<\/td>\n<td>reprezentace \u010cR<\/td>\n<\/tr>\n<tr>\n<td>???<\/td>\n<td>European Gasshuku<\/td>\n<td>Czech Republic<\/td>\n<td>Prezidium<\/td>\n<td><\/td>\n<\/tr>\n<tr>\n<td>15. &#8211; 16. 11.<\/td>\n<td>Semin\u00e1\u0159 Akita sensei<\/td>\n<td>???<\/td>\n<td>J\u010cS karate JKA<\/td>\n<td>z\u00e1jemci<\/td>\n<\/tr>\n<tr>\n<td>Listopad, prosinec, p\u0159elom<\/td>\n<td>ME ESKA &#8211; senio\u0159i, junio\u0159i, kadeti<\/td>\n<td><\/td>\n<td>RR<\/td>\n<td>reprezentace \u010cR<\/td>\n<\/tr>\n<\/tbody>\n<\/table>\t\t\t\t\t\t\t\t<\/div>\n\t\t\t\t<\/div>\n\t\t\t\t<\/div>\n\t\t<div class=\"elementor-element elementor-element-83c79fc e-flex e-con-boxed e-con e-parent\" data-id=\"83c79fc\" data-element_type=\"container\" data-e-type=\"container\">\n\t\t\t\t\t<div class=\"e-con-inner\">\n\t\t\t\t<div class=\"elementor-element elementor-element-ca029f9 elementor-button-info elementor-align-center elementor-widget elementor-widget-button\" data-id=\"ca029f9\" data-element_type=\"widget\" data-e-type=\"widget\" data-widget_type=\"button.default\">\n\t\t\t\t<div class=\"elementor-widget-container\">\n\t\t\t\t\t\t\t\t\t<div class=\"elementor-button-wrapper\">\n\t\t\t\t\t<a class=\"elementor-button elementor-button-link elementor-size-sm\" href=\"https:\/\/www.karateklubkadan.cz\/dokumenty\/kalendar-akci-2025-v1.pdf\">\n\t\t\t\t\t\t<span class=\"elementor-button-content-wrapper\">\n\t\t\t\t\t\t<span class=\"elementor-button-icon\">\n\t\t\t\t<svg aria-hidden=\"true\" class=\"e-font-icon-svg e-far-file-pdf\" viewBox=\"0 0 384 512\" xmlns=\"http:\/\/www.w3.org\/2000\/svg\"><path d=\"M369.9 97.9L286 14C277 5 264.8-.1 252.1-.1H48C21.5 0 0 21.5 0 48v416c0 26.5 21.5 48 48 48h288c26.5 0 48-21.5 48-48V131.9c0-12.7-5.1-25-14.1-34zM332.1 128H256V51.9l76.1 76.1zM48 464V48h160v104c0 13.3 10.7 24 24 24h104v288H48zm250.2-143.7c-12.2-12-47-8.7-64.4-6.5-17.2-10.5-28.7-25-36.8-46.3 3.9-16.1 10.1-40.6 5.4-56-4.2-26.2-37.8-23.6-42.6-5.9-4.4 16.1-.4 38.5 7 67.1-10 23.9-24.9 56-35.4 74.4-20 10.3-47 26.2-51 46.2-3.3 15.8 26 55.2 76.1-31.2 22.4-7.4 46.8-16.5 68.4-20.1 18.9 10.2 41 17 55.8 17 25.5 0 28-28.2 17.5-38.7zm-198.1 77.8c5.1-13.7 24.5-29.5 30.4-35-19 30.3-30.4 35.7-30.4 35zm81.6-190.6c7.4 0 6.7 32.1 1.8 40.8-4.4-13.9-4.3-40.8-1.8-40.8zm-24.4 136.6c9.7-16.9 18-37 24.7-54.7 8.3 15.1 18.9 27.2 30.1 35.5-20.8 4.3-38.9 13.1-54.8 19.2zm131.6-5s-5 6-37.3-7.8c35.1-2.6 40.9 5.4 37.3 7.8z\"><\/path><\/svg>\t\t\t<\/span>\n\t\t\t\t\t\t\t\t\t<span class=\"elementor-button-text\">Ke sta\u017een\u00ed .pdf<\/span>\n\t\t\t\t\t<\/span>\n\t\t\t\t\t<\/a>\n\t\t\t\t<\/div>\n\t\t\t\t\t\t\t\t<\/div>\n\t\t\t\t<\/div>\n\t\t\t\t\t<\/div>\n\t\t\t\t<\/div>\n\t\t\t\t<\/div>\n\t\t","protected":false},"excerpt":{"rendered":"<p>Kalend\u00e1\u0159 akc\u00ed 2025 &nbsp; term\u00edn n\u00e1zev akce m\u00edsto po\u0159adatel kdo 10. &#8211; 12. 1. \u0160kolen\u00ed &#8211; rozhod\u010d\u00ed, zk.komisa\u0159i, instrukto\u0159i, tren\u00e9\u0159i Brno Prezidium tren\u00e9\u0159i a rozhod\u010d\u00ed 18.1. \u0160kolen\u00ed rozhod\u010d\u00edch + soust\u0159ed\u011bn\u00ed talent. ml\u00e1de\u017ee (v\u00fdb\u011br TM) Praha TM talentovan\u00e1 ml\u00e1de\u017e \u010cR 24.-25.1. Soust\u0159ed\u011bn\u00ed reprezentace JKA Spo\u0159ice RR repre z klubu 7.-9.2. Czech JKA winter course Praha z\u00e1jemci&#8230;<\/p>\n","protected":false},"author":1,"featured_media":0,"parent":0,"menu_order":0,"comment_status":"closed","ping_status":"closed","template":"elementor_header_footer","meta":{"_kadence_starter_templates_imported_post":true,"_kad_post_transparent":"","_kad_post_title":"hide","_kad_post_layout":"normal","_kad_post_sidebar_id":"","_kad_post_content_style":"unboxed","_kad_post_vertical_padding":"hide","_kad_post_feature":"hide","_kad_post_feature_position":"","_kad_post_header":false,"_kad_post_footer":false,"footnotes":""},"class_list":["post-620","page","type-page","status-publish","hentry"],"_links":{"self":[{"href":"https:\/\/karateklubkadan.cz\/wp2\/wp-json\/wp\/v2\/pages\/620","targetHints":{"allow":["GET"]}}],"collection":[{"href":"https:\/\/karateklubkadan.cz\/wp2\/wp-json\/wp\/v2\/pages"}],"about":[{"href":"https:\/\/karateklubkadan.cz\/wp2\/wp-json\/wp\/v2\/types\/page"}],"author":[{"embeddable":true,"href":"https:\/\/karateklubkadan.cz\/wp2\/wp-json\/wp\/v2\/users\/1"}],"replies":[{"embeddable":true,"href":"https:\/\/karateklubkadan.cz\/wp2\/wp-json\/wp\/v2\/comments?post=620"}],"version-history":[{"count":41,"href":"https:\/\/karateklubkadan.cz\/wp2\/wp-json\/wp\/v2\/pages\/620\/revisions"}],"predecessor-version":[{"id":2417,"href":"https:\/\/karateklubkadan.cz\/wp2\/wp-json\/wp\/v2\/pages\/620\/revisions\/2417"}],"wp:attachment":[{"href":"https:\/\/karateklubkadan.cz\/wp2\/wp-json\/wp\/v2\/media?parent=620"}],"curies":[{"name":"wp","href":"https:\/\/api.w.org\/{rel}","templated":true}]}}