{"id":1698,"date":"2024-12-12T19:30:18","date_gmt":"2024-12-12T18:30:18","guid":{"rendered":"https:\/\/karateklubkadan.cz\/wp2\/?page_id=1698"},"modified":"2025-02-28T12:57:23","modified_gmt":"2025-02-28T11:57:23","slug":"kpz","status":"publish","type":"page","link":"https:\/\/karateklubkadan.cz\/wp2\/kpz\/","title":{"rendered":"Karate pro \u017eivot &#8211; dosp\u011bl\u00ed"},"content":{"rendered":"\t\t<div data-elementor-type=\"wp-page\" data-elementor-id=\"1698\" class=\"elementor elementor-1698\">\n\t\t\t\t<div class=\"elementor-element elementor-element-a138f88 e-flex e-con-boxed e-con e-parent\" data-id=\"a138f88\" data-element_type=\"container\" data-e-type=\"container\" data-settings=\"{&quot;background_background&quot;:&quot;classic&quot;}\">\n\t\t\t\t\t<div class=\"e-con-inner\">\n\t\t\t\t<div class=\"elementor-element elementor-element-9de8114 elementor-widget elementor-widget-spacer\" data-id=\"9de8114\" data-element_type=\"widget\" data-e-type=\"widget\" data-widget_type=\"spacer.default\">\n\t\t\t\t<div class=\"elementor-widget-container\">\n\t\t\t\t\t\t\t<div class=\"elementor-spacer\">\n\t\t\t<div class=\"elementor-spacer-inner\"><\/div>\n\t\t<\/div>\n\t\t\t\t\t\t<\/div>\n\t\t\t\t<\/div>\n\t\t\t\t<div class=\"elementor-element elementor-element-7618430 elementor-widget__width-initial elementor-widget elementor-widget-heading\" data-id=\"7618430\" data-element_type=\"widget\" data-e-type=\"widget\" data-widget_type=\"heading.default\">\n\t\t\t\t<div class=\"elementor-widget-container\">\n\t\t\t\t\t<h1 class=\"elementor-heading-title elementor-size-default\">Pro dosp\u011bl\u00e9<\/h1>\t\t\t\t<\/div>\n\t\t\t\t<\/div>\n\t\t\t\t\t<\/div>\n\t\t\t\t<\/div>\n\t\t<div class=\"elementor-element elementor-element-5360077e e-flex e-con-boxed e-con e-parent\" data-id=\"5360077e\" data-element_type=\"container\" data-e-type=\"container\">\n\t\t\t\t\t<div class=\"e-con-inner\">\n\t\t\t\t<div class=\"elementor-element elementor-element-8f60894 elementor-widget elementor-widget-text-editor\" data-id=\"8f60894\" data-element_type=\"widget\" data-e-type=\"widget\" data-widget_type=\"text-editor.default\">\n\t\t\t\t<div class=\"elementor-widget-container\">\n\t\t\t\t\t\t\t\t\t<p>\u00a0<\/p>\n<ul>\n<li>P\u0159ij\u010fte se p\u0159ihl\u00e1sit a nau\u010dit se to co Va\u0161e d\u011bti.<\/li>\n<li>Budeme se u\u010dit karate pro \u017eivot<\/li>\n<li>Tr\u00e9ninky jsou ka\u017ed\u00fd p\u00e1tek od 18:00 na Z\u0160 Na Podles\u00ed Kada\u0148<\/li>\n<li>tren\u00e9r:<strong> Jan Kalku\u0161 2. DAN, tel.: 777 175\u00a0646<\/strong><\/li>\n<\/ul>\n<p style=\"text-align: center;\"><!-- \/wp:list-item --><\/p>\n<p style=\"text-align: center;\"><!-- \/wp:list --><!-- wp:paragraph --><\/p>\n<p><!-- \/wp:paragraph --><\/p>\t\t\t\t\t\t\t\t<\/div>\n\t\t\t\t<\/div>\n\t\t\t\t\t<\/div>\n\t\t\t\t<\/div>\n\t\t\t\t<\/div>\n\t\t","protected":false},"excerpt":{"rendered":"<p>Pro dosp\u011bl\u00e9 \u00a0 P\u0159ij\u010fte se p\u0159ihl\u00e1sit a nau\u010dit se to co Va\u0161e d\u011bti. Budeme se u\u010dit karate pro \u017eivot Tr\u00e9ninky jsou ka\u017ed\u00fd p\u00e1tek od 18:00 na Z\u0160 Na Podles\u00ed Kada\u0148 tren\u00e9r: Jan Kalku\u0161 2. DAN, tel.: 777 175\u00a0646<\/p>\n","protected":false},"author":1,"featured_media":0,"parent":0,"menu_order":0,"comment_status":"closed","ping_status":"closed","template":"elementor_header_footer","meta":{"_kadence_starter_templates_imported_post":false,"_kad_post_transparent":"","_kad_post_title":"","_kad_post_layout":"","_kad_post_sidebar_id":"","_kad_post_content_style":"","_kad_post_vertical_padding":"","_kad_post_feature":"","_kad_post_feature_position":"","_kad_post_header":false,"_kad_post_footer":false,"footnotes":""},"class_list":["post-1698","page","type-page","status-publish","hentry"],"_links":{"self":[{"href":"https:\/\/karateklubkadan.cz\/wp2\/wp-json\/wp\/v2\/pages\/1698","targetHints":{"allow":["GET"]}}],"collection":[{"href":"https:\/\/karateklubkadan.cz\/wp2\/wp-json\/wp\/v2\/pages"}],"about":[{"href":"https:\/\/karateklubkadan.cz\/wp2\/wp-json\/wp\/v2\/types\/page"}],"author":[{"embeddable":true,"href":"https:\/\/karateklubkadan.cz\/wp2\/wp-json\/wp\/v2\/users\/1"}],"replies":[{"embeddable":true,"href":"https:\/\/karateklubkadan.cz\/wp2\/wp-json\/wp\/v2\/comments?post=1698"}],"version-history":[{"count":25,"href":"https:\/\/karateklubkadan.cz\/wp2\/wp-json\/wp\/v2\/pages\/1698\/revisions"}],"predecessor-version":[{"id":2136,"href":"https:\/\/karateklubkadan.cz\/wp2\/wp-json\/wp\/v2\/pages\/1698\/revisions\/2136"}],"wp:attachment":[{"href":"https:\/\/karateklubkadan.cz\/wp2\/wp-json\/wp\/v2\/media?parent=1698"}],"curies":[{"name":"wp","href":"https:\/\/api.w.org\/{rel}","templated":true}]}}